ppose g = -x + 15 + 5. Suppose -x = -s + 3*a, s = 3*s - 5*a - 35. List the prime factors of s.
5
Suppose -490 = -2*n - 3*x, -5*n + 2*x + 1271 = -2*x. List the prime factors of n.
251
Let s(t) = t + 3. Let v be s(0). Suppose 5*o + 31 = 3*l + v*o, -l + o = -11. Suppose 0 = -4*k + 4*b + 32, 3*k = -5*b + l + 31. List the prime factors of k.
2, 5
Let x = 4 + -2. Suppose x*q - 4 = 6*q. List the prime factors of 2*(1 + (-7)/q).
2
Let c(r) = 7 - 13*r + 12 - 9. What are the prime factors of c(-8)?
2, 3, 19
Let u be (30/4)/(3/54). Let x = -80 + u. What are the prime factors of x?
5, 11
Suppose 3*y = 4*b + 1156 + 161, -y + 3*b + 439 = 0. What are the prime factors of y?
439
Suppose 9*g = 15*g - 1452. What are the prime factors of g?
2, 11
Let d be (-2)/(-3) + (-1)/(-3). Let b = 245 + d. List the prime factors of b.
2, 3, 41
Let d be 42/8 - (3 - (-44)/(-16)). Suppose 0*z = d*z - 25. List the prime factors of z.
5
Suppose -8*v - 5 = -9*v. List the prime factors of 2 + (v - 3) - -104.
2, 3
Suppose -2*n - 4 = -b - b, 4*b + 10 = n. Let w = 38 - n. Let x = w + -26. What are the prime factors of x?
2, 3
Let o = 1 + -25. Let a be ((-12)/5)/((-4)/(-70)). Let h = o - a. List the prime factors of h.
2, 3
Suppose -5 = l - 0, -21 = -s + 2*l. Let z(b) = 13*b**2 - 51*b**3 + 52*b**3 - b**2 + 18 + s*b. List the prime factors of z(-11).
2, 3
Let u = -67 + 134. Let d be (-13 + 17)*(-46)/4. Let a = u + d. What are the prime factors of a?
3, 7
Let f(t) = -t + 12. Let j be f(-5). Let l = j + -12. What are the prime factors of l?
5
Let l = 91 + -24. List the prime factors of l/2 - 3/2.
2
Suppose 5*v = 25 - 0. What are the prime factors of (2/v)/(3/495)?
2, 3, 11
Suppose -n = 7*n - 64. Let d(b) = b**3 - 5*b**2 - 10*b + 9. What are the prime factors of d(n)?
11
Let h(p) = p**3 - 15*p**2 + 17*p - 14. Suppose 3*z = 0, 2*z = -4*t - 0*z + 56. List the prime factors of h(t).
2, 7
Let r(q) = -q**2 - 2*q + 19. Let c(b) = 2*b + 4. Let z be c(-2). What are the prime factors of r(z)?
19
List the prime factors of 2863 - (-10 + (-10)/(-10)).
2, 359
Let p = 106 + -31. Suppose -4*l = -93 - p. What are the prime factors of l?
2, 3, 7
Let p(n) = n**3 - 8*n**2 + 8*n - 2. Let h be p(7). Suppose h*i - 86 = 184. Suppose i = -5*r + 7*r. List the prime factors of r.
3
Suppose 2*s - 10 = -0*s. Suppose 4*o + 4*m - 376 = 0, -s*o - 3*m + 176 = -294. Suppose -4*b + 2*b = -o. List the prime factors of b.
47
Let d(u) = 14*u + 76. List the prime factors of d(1).
2, 3, 5
Let q(d) = d**3 + 4*d**2 - 9*d - 10. Let o be q(-5). Suppose 0 = 4*l - 2 - o. Suppose -50 = -5*f + l*p - 0, -2*f = 4*p - 20. What are the prime factors of f?
2, 5
Suppose -42 - 3 = -5*u. Let b(v) = v - 7. Let t be b(u). Suppose 35 = 3*f - t*o - 48, 0 = 5*f - 4*o - 139. What are the prime factors of f?
3
Suppose 0 = -4*s + 7*s - 18. Suppose s*h - 216 - 264 = 0. List the prime factors of h.
2, 5
Suppose 4*b + 0*b + 6 = -3*g, b = g - 5. Let h be 58 - -2*(-1)/2. Suppose -1 = -g*f + h. What are the prime factors of f?
29
Suppose 0 = -5*w + 3*w + 5*l + 3295, -4*w - 2*l + 6554 = 0. List the prime factors of w.
2, 5, 41
Suppose -1482 = 405*n - 418*n. What are the prime factors of n?
2, 3, 19
Let h(d) = 27*d**3 - 7*d**2 - 3. What are the prime factors of h(3)?
3, 13, 17
Let a = -19 + 14. Let w = a + 5. Suppose 122 = -w*g + 2*g. List the prime factors of g.
61
Let y be (140/42)/(4/(-6) + 0). List the prime factors of 120 - (y - (-6)/6).
2, 31
Suppose 9*d = 2081 + 772. What are the prime factors of d?
317
Let l be ((-286)/(-55))/((-2)/(-20)). Let s = -5 + l. Suppose -u + 6 = u, 0 = -2*m - 5*u + s. List the prime factors of m.
2
Let c(a) be the second derivative of a**4/6 - 11*a. List the prime factors of c(8).
2
Suppose -2*b + n + 135 = 0, 0*n + 150 = 2*b + 4*n. Let x be 15*(-4)/((-36)/b). Suppose 0 = -3*r - 5*i + x, 6*r - 4*i = r + 130. List the prime factors of r.
2, 3, 5
Suppose -4*u + 168 = 2*g, -35 = -g + 4*u + 67. Suppose -o - o = g. Let t = 72 + o. What are the prime factors of t?
3
Let r(g) = g**3 + 20*g**2 + g + 24. Let j be r(-20). Let b be (-65)/(-20) - 1/j. Suppose -38 = -2*a + b*f, -f + 3*f + 92 = 4*a. List the prime factors of a.
5
Let c = 26 - -2. Suppose -c = 3*k - 52. Suppose -k*g = -3*g - 290. List the prime factors of g.
2, 29
Suppose 5*b = -5*p + 1425, -4*p + 3*b = 2*b - 1155. Suppose -4*q + 3*k = -p, k = 5*q - k - 353. What are the prime factors of q?
3, 23
Suppose 0 = 16*t - 1230 - 1010. What are the prime factors of t?
2, 5, 7
Suppose 22*v + 6109 = 85397. List the prime factors of v.
2, 17, 53
Suppose 10 = 3*z - z. Suppose 3 = 4*s - 3*t, -5*s + 3 = -5*t - 2. Suppose 76 = 5*d + z*y - 114, s = d - 3*y - 22. What are the prime factors of d?
2, 17
Let m(f) be the third derivative of f**6/120 - f**5/20 + f**4/12 - 10*f**2. Suppose -3*l + 3*z = -0*l - 6, 5*z = -2*l + 11. What are the prime factors of m(l)?
2, 3
Let s = 230 + -127. Let v = 241 - s. List the prime factors of v.
2, 3, 23
Let u(d) = d**2 + d + 1. Let f(t) = -t**3 - 4*t**2 + 10*t + 1. Let k(v) = -f(v) + 2*u(v). Let y be k(-6). Let i = y - 28. List the prime factors of i.
3, 7
Let i = -362 - -1171. List the prime factors of i.
809
Suppose -63 = -2*d + 47. Let t = d + 29. What are the prime factors of t?
2, 3, 7
Let i(a) = 20*a**2 - 10*a - 66. What are the prime factors of i(8)?
2, 3, 7
Let a(d) = 110*d - 3. Let g be a(4). Let m = -260 + g. What are the prime factors of m/6 + 2/4?
2, 3, 5
Let n be (-1)/((3 + (-32)/10)/1). Suppose -n*w = w - 240. List the prime factors of w.
2, 5
Let t = 1660 + -508. List the prime factors of t.
2, 3
Let w(s) = 59*s**3 - s**2 + s. Let t(h) = -h**2 + 18*h + 1. Let c be t(18). What are the prime factors of w(c)?
59
Let b = 15 + -31. Let p be (-4)/(-18) - b/9. What are the prime factors of p/4*56/4?
7
Let h(r) = -63*r + 56. List the prime factors of h(-7).
7, 71
Let o be 2*(-2)/2*24/(-8). Suppose -4*z = o*z - 70. List the prime factors of z.
7
Suppose 161*h - 142*h - 22230 = 0. What are the prime factors of h?
2, 3, 5, 13
Let o(a) be the first derivative of a**4/4 - 7*a**3 + a**2/2 + 19*a - 9. What are the prime factors of o(21)?
2, 5
List the prime factors of 6*4/6 - (0 + -127).
131
Let z(b) = -137*b - 280. What are the prime factors of z(-14)?
2, 3, 7, 13
Let q(j) = -j**2 + 4*j + 3. Let i be q(4). Let r be (6/2)/i - -1. Suppose 4*z = 4*c - 76, r*c - 4 - 10 = -4*z. What are the prime factors of c?
3, 5
Let x be 2/3 + 112/(-24). Let u(c) = -9*c - 5. List the prime factors of u(x).
31
Let z be -1 - (-1 - (-3 + 5)). Suppose -i + 82 = 4*f - z*f, -3*f + 308 = 4*i. Let k = i + -23. List the prime factors of k.
3, 17
Let v(k) = -16*k**3 - 32*k**2 + 7*k + 10. What are the prime factors of v(-6)?
2, 71
Let h = -6 - -12. Suppose -315 = -h*v - v. List the prime factors of v.
3, 5
Let b = -135 + 138. Let p = 162 + b. What are the prime factors of p?
3, 5, 11
Let p = -639 + 1544. List the prime factors of p.
5, 181
Let v be (-4)/(16/(-233)) + 3/(-12). Suppose 2*o + 9 = o - 5*d, 3*o - v = 2*d. List the prime factors of o.
2
Suppose 0 = -5*x + 4*p - 72, -x + 3*p = x + 26. Let w = 64 + x. Let l = w - -13. List the prime factors of l.
61
Let l(s) = s**3 + 8*s**2 + 3*s + 4. Let g be (-210)/60*2/1. What are the prime factors of l(g)?
2
Let j(r) = 2*r + 32. Let z be j(-14). Suppose 2*q = 4*a + 46, -z*q + 3*a + 94 = q. What are the prime factors of q?
17
Let k be (2/5)/(20/200). Suppose -144 = -4*v + k*j, -6 = -v + 2*j + 29. What are the prime factors of v?
37
Let s(q) = q**3 - 35*q**2 + 40*q + 81. List the prime factors of s(35).
1481
Let l(u) = 4*u + 5. Let p be l(5). Let b = -33 + 34. Let f = b + p. What are the prime factors of f?
2, 13
Suppose 8 + 7 = -5*f - 3*d, -d - 5 = -f. Suppose f = -2*h - 0 + 118. What are the prime factors of h?
59
Let m = 1587 + -1065. List the prime factors of m.
2, 3, 29
List the prime factors of (-3 - (0 + -4))*(618 + 3).
3, 23
Let g = 31 + -27. List the prime factors of g + 44/(-10) - (-102)/5.
2, 5
Let r be (-2 - (-3 - -4))/(-1). Suppose r*c - 64 = 77. What are the prime factors of c?
47
Suppose -4*i - 9 + 1 = 0. Let w = -2 + i. Let s(x) = -x**2 - 9*x. What are the prime factors of s(w)?
2, 5
Let w(f) = 83*f**2 + 4*f + 11. What are the prime factors of w(5)?
2, 3, 13
Let o = -276 + 516. What are the prime factors of o?
2, 3, 5
